{"id":4634,"date":"2020-06-06T07:14:06","date_gmt":"2020-06-06T12:14:06","guid":{"rendered":"https:\/\/ariap.org\/?post_type=give_forms&#038;p=4634"},"modified":"2024-09-25T15:40:08","modified_gmt":"2024-09-25T20:40:08","slug":"medio-ambiente-y-pueblos-indigenas","status":"publish","type":"give_forms","link":"https:\/\/ariap.org\/en\/donations\/medio-ambiente-y-pueblos-indigenas\/","title":{"rendered":"Medio Ambiente y Pueblos Ind\u00edgenas"},"excerpt":{"rendered":"<p>Trabajamos la importancia y el cuidado del medio ambiente, para crear conciencia sobre ello en coordinaci\u00f3n con las organizaciones ind\u00edgenas, entidades p\u00fablicas y privadas<\/p>","protected":false},"author":1,"featured_media":0,"template":"","aioseo_notices":[],"_links":{"self":[{"href":"https:\/\/ariap.org\/en\/wp-json\/wp\/v2\/give_forms\/4634"}],"collection":[{"href":"https:\/\/ariap.org\/en\/wp-json\/wp\/v2\/give_forms"}],"about":[{"href":"https:\/\/ariap.org\/en\/wp-json\/wp\/v2\/types\/give_forms"}],"author":[{"embeddable":true,"href":"https:\/\/ariap.org\/en\/wp-json\/wp\/v2\/users\/1"}],"version-history":[{"count":3,"href":"https:\/\/ariap.org\/en\/wp-json\/wp\/v2\/give_forms\/4634\/revisions"}],"predecessor-version":[{"id":5864,"href":"https:\/\/ariap.org\/en\/wp-json\/wp\/v2\/give_forms\/4634\/revisions\/5864"}],"wp:attachment":[{"href":"https:\/\/ariap.org\/en\/wp-json\/wp\/v2\/media?parent=4634"}],"curies":[{"name":"wp","href":"https:\/\/api.w.org\/{rel}","templated":true}]}}

Medio Ambiente y Pueblos Indígenas

<p>Trabajamos la importancia y el cuidado del medio ambiente, para crear conciencia sobre ello en coordinación con las organizaciones indígenas, entidades públicas y privadas</p>
